hat is -330 - 26?
-356
In base 10, what is -2749 - -387?
-2362
In base 14, what is -665 + -1d?
-684
In base 13, what is 7 - a7652?
-a7648
In base 2, what is -1000100 - 11010010100011?
-11010011100111
In base 13, what is -4 - 1714a?
-17151
In base 8, what is 554363 - 4?
554357
In base 7, what is -564 - 3363?
-4260
In base 9, what is -10071 + -66?
-10147
In base 4, what is -12122010 + -333?
-12123003
In base 12, what is 119 - -102?
21b
In base 9, what is -2 + -126228?
-126231
In base 5, what is -402424 + -3?
-402432
In base 5, what is 44 + -2130?
-2031
In base 14, what is a4 - 1cd?
-129
In base 7, what is 13314 - -23?
13340
In base 7, what is 5 - -22122?
22130
In base 8, what is 25736 + 2?
25740
In base 9, what is 184 - -5258?
5453
In base 5, what is -10 - -113130243?
113130233
In base 9, what is 6 - -414067?
414074
In base 13, what is -28a9c + -4?
-28aa3
In base 2, what is -10100000 - 1101111000?
-10000011000
In base 10, what is 13 + -1513?
-1500
In base 5, what is 4334414 - 0?
4334414
In base 10, what is 183 + -785?
-602
In base 11, what is 7a77 + -4?
7a73
In base 10, what is -13191 - -4?
-13187
In base 7, what is 101 - -1052?
1153
In base 3, what is 0 + 122120002011?
122120002011
In base 5, what is 44431004 - -12?
44431021
In base 10, what is 27 - -41?
68
In base 6, what is -41 - 105535?
-110020
In base 13, what is 4 + 18cca?
19001
In base 4, what is 12 + 1100021?
1100033
In base 15, what is -1aeb0 + -5?
-1aeb5
In base 2, what is 10101 - 110100110000001?
-110100101101100
In base 4, what is 2233 - -12312?
21211
In base 11, what is -211 + 2749?
2538
In base 9, what is -13253 - 3?
-13256
In base 15, what is 3c635 + -1?
3c634
In base 9, what is -1 - -144705?
144704
In base 14, what is -4 + 42d6c?
42d68
In base 7, what is -155 - -11162?
11004
In base 2, what is -100 + -1001101011100?
-1001101100000
In base 16, what is -3 + 696?
693
In base 4, what is -1203 - 123212?
-131021
In base 13, what is 27115 - -4?
27119
In base 7, what is -4065 - 156?
-4254
In base 6, what is 12525 - 42?
12443
In base 3, what is -220 + 1010002?
1002012
In base 5, what is -1422003 + -1?
-1422004
In base 6, what is -12125201 - 24?
-12125225
In base 2, what is 100 - -10100011011011?
10100011011111
In base 9, what is -1 + -1517338?
-1517340
In base 7, what is 5 - -56634?
56642
In base 9, what is -4511 + -21?
-4532
In base 9, what is -471 + -64?
-545
In base 4, what is 3222 - -1112021?
1121303
In base 11, what is -510a + 8?
-5102
In base 5, what is -1014 + -130200?
-131214
In base 7, what is -3 - -51263?
51260
In base 11, what is -296a - 2?
-2971
In base 7, what is 21 + 10426?
10450
In base 3, what is -1100 - -1220110?
1212010
In base 7, what is 13450 + 2200?
15650
In base 6, what is 311 + -340324?
-340013
In base 6, what is 135212453 + -4?
135212445
In base 6, what is 5 + -104024504?
-104024455
In base 5, what is 3324 - -301?
4130
In base 8, what is -16 - -13205?
13167
In base 15, what is 1 + -3992b?
-3992a
In base 7, what is 431 - 1?
430
In base 15, what is -157 + 222?
ba
In base 8, what is -667 - 354?
-1243
In base 9, what is 3 - 55872?
-55868
In base 12, what is -2 + -2959?
-295b
In base 4, what is 22103232 + -2?
22103230
In base 13, what is -6416b - -1?
-6416a
In base 6, what is -1231 - 34355?
-40030
In base 11, what is 2096 + 3?
2099
In base 15, what is -41d4 - b3?
-4297
In base 6, what is -45 + -1242452?
-1242541
In base 2, what is 1 - -1111000111011?
1111000111100
In base 13, what is 68 - 194?
-129
In base 7, what is 3410 + 43?
3453
In base 4, what is -3 + -21200322?
-21200331
In base 2, what is -101011111 + 100101000000?
11111100001
In base 8, what is -3 - 733326?
-733331
In base 9, what is -46250 - -1?
-46248
In base 11, what is 14 - -4a6?
50a
In base 10, what is -3 - 3271?
-3274
In base 8, what is -55 + 1364?
1307
In base 7, what is 102516 - 2?
102514
In base 13, what is 10a - 22?
b8
In base 10, what is 2 - -28234?
28236
In base 13, what is -2 + b746c?
b746a
In base 7, what is 161 - 30105?
-26614
In base 9, what is 2030 + -112?
1817
In base 12, what is -16 + -1711?
-1727
In base 9, what is 2331 + 875?
3316
In base 7, what is -411322 - 5?
-411330
In base 8, what is -100 + 4225?
4125
In base 7, what is -43 + 31460?
31414
In base 15, what is -1431 - a?
-143b
In base 6, what is 414 - -14034?
14452
In base 14, what is 1763 - 7?
175a
In base 10, what is -139729 - -5?
-139724
In base 15, what is 16 + 1acd?
1ae4
In base 9, what is 45278 + 15?
45304
In base 3, what is -101021001 + 210?
-101020021
In base 15, what is -e - 9b0?
-9be
In base 4, what is 2 + 13223221?
13223223
In base 7, what is -5 - 12642?
-12650
In base 15, what is d1b0 - -5?
d1b5
In base 6, what is -2 + 102154333?
102154331
In base 11, what is -51784 + 3?
-51781
In base 13, what is -5 - -18a54?
18a4c
In base 16, what is -22c + 19a?
-92
In base 15, what is 1 + 91135?
91136
In base 2, what is -1111010100 + -1000010101010?
-1010001111110
In base 3, what is 0 + 202120211022?
202120211022
In base 9, what is -72 + -77012?
-77084
In base 5, what is -42 - 20204104?
-20204201
In base 7, what is 3412645 + 0?
3412645
In base 2, what is 100011101101100011 + 1?
100011101101100100
In base 6, what is -24013 + -5?
-24022
In base 5, what is -204 - -212140?
211431
In base 11, what is 2 - 195630?
-195629
In base 11, what is 3 - 195?
-192
In base 12, what is -32 - 358?
-38a
In base 8, what is 3 - 1166550?
-1166545
In base 13, what is -364c - 33?
-3682
In base 2, what is 111101100 + 110110?
1000100010
In base 9, what is 80657 - -5?
80663
In base 5, what is 34103122 - 4?
34103113
In base 15, what is 1345 + -8c?
12a8
In base 14, what is -297c + 12?
-296a
In base 2, what is 100011 - -110010101000110?
110010101101001
In base 12, what is -2 + -94a93?
-94a95
In base 10, what is -499131 - -4?
-499127
In base 12, what is 1 + -37bb?
-37ba
In base 9, what is 41 + 337?
378
In base 10, what is -47 - -11882?
11835
In base 16, what is cb - 1460?
-1395
In base 3, what is -1001 + 11221000?
11212222
In base 14, what is 0 + -128?
-128
In base 8, what is 207620 + -2?
207616
In base 11, what is -38 + 1208?
1180
In base 16, what is b + -fdd?
-fd2
In base 6, what is -3354251 + 2?
-3354245
In base 4, what is 1302103 - -13?
1302122
In base 10, what is 277 - -382?
659
In base 12, what is 13a3 + 4?
13a7
In base 5, what is 4 + -21211?
-21202
In base 12, what is 1237 + 16?
1251
In base 9, what is -4473 + -30?
-4513
In base 2, what is -10111011011 + -1010?
-10111100101
In base 15, what is -a2b0c + -1?
-a2b0d
In base 9, what is -4 - 270111?
-270115
In base 13, what is -29c + -850?
-b1c
In base 15, what is 19 + -adb?
-ac2
In base 13, what is -283 - 9?
-28c
In base 16, what is 4b026 - 3?
4b023
In base 13, what is -60a59 + -6?
-60a62
In base 11, what is 2 + -91169?
-91167
In base 6, what is -1 + -3505512?
-3505513
In base 15, what is -3 - 3b85?
-3b88
In base 7, what is 10 + -240401?
-240361
In base 7, what is 2553613 - -1?
2553614
In base 4, what is -2021230201 - 11?
-2021230212
In base 16, what is -873 - 480?
-cf3
In base 12, what is 19b5 + 3?
19b8
In base 15, what is d2 - -25?
107
In base 6, what is -3 - -3054450?
3054443
In base 12, what is -4 + -9587?
-958b
In base 2, what is 11000100 - 1011101?
1100111
In base 2, what is 100111011 - -1101111111?
10010111010
In base 6, what is 50 + 4204?
4254
In base 9, what is 4 - -282401?
282405
In base 6, what is 31 - 1052?
-1021
In base 8, what is -13052 - 36?
-13110
In base 5, what is -3211 - -124?
-3032
In base 12, what is 754 + 9a2?
1536
In base 5, what is -11433 + 31442?
20004
In base 6, what is 12234 + 205?
12443
In base 14, what is ad - 251?
-182
In base 4, what is -30 + -310011?
-310101
In base 4, what is -12131312 + 301?
-12131011
In base 12, what is -1364 - -b8a?
-396
In base 2, what is -1 - -100111110101100?
100111110101011
In base 6, what is 52 - 113523?
-113431
In base 10, what is -29 - 1150?
-1179
In base 6, what is -25312235 - 5?
-25312244
In base 14, what is -100d28 - -5?
-100d23
In base 13, what is -4 + 145b?
1457
In base 4, what is 1011301 - 20?
1011221
In base 9, what is 20 + 124447?
124467
In base 10, what is 3 + 404870?
404873
In base 15, what is 4 + -1dc24?
-1dc20
In base 13, what is -6b25 - 60?
-6b85
In base 12, what is -b8 + -98?
-194
In base 10, what is 199 - 827?
-628
In base 4, what is 12 + 2